ided by 42?
17
What is the remainder when 2582 is divided by 108?
98
Calculate the remainder when 21544 is divided by 369.
142
Calculate the remainder when 47455 is divided by 1636.
11
What is the remainder when 1894 is divided by 488?
430
Calculate the remainder when 13798 is divided by 3447.
10
What is the remainder when 2858 is divided by 516?
278
What is the remainder when 2700 is divided by 575?
400
What is the remainder when 5824 is divided by 1332?
496
Calculate the remainder when 14528 is divided by 57.
50
What is the remainder when 231857 is divided by 114?
95
What is the remainder when 130164 is divided by 43372?
48
What is the remainder when 2658 is divided by 31?
23
What is the remainder when 105733 is divided by 29?
28
What is the remainder when 3225 is divided by 7?
5
What is the remainder when 2877 is divided by 1381?
115
What is the remainder when 101561 is divided by 958?
13
Calculate the remainder when 3575 is divided by 172.
135
Calculate the remainder when 27928 is divided by 19.
17
Calculate the remainder when 112694 is divided by 56322.
50
What is the remainder when 12574 is divided by 11?
1
Calculate the remainder when 2393386 is divided by 27.
25
What is the remainder when 1780 is divided by 347?
45
What is the remainder when 2257 is divided by 72?
25
What is the remainder when 11179 is divided by 407?
190
Calculate the remainder when 5556 is divided by 2774.
8
What is the remainder when 31053 is divided by 1409?
55
Calculate the remainder when 150267 is divided by 583.
436
What is the remainder when 33904 is divided by 163?
0
What is the remainder when 1102 is divided by 817?
285
What is the remainder when 52338 is divided by 14?
6
What is the remainder when 1389954 is divided by 156?
150
What is the remainder when 232975 is divided by 22?
17
What is the remainder when 111503 is divided by 111439?
64
Calculate the remainder when 6883 is divided by 459.
457
What is the remainder when 172848 is divided by 4115?
18
What is the remainder when 12863 is divided by 1608?
1607
Calculate the remainder when 866037 is divided by 173.
172
Calculate the remainder when 1389798 is divided by 119.
116
Calculate the remainder when 104582 is divided by 57.
44
What is the remainder when 25063 is divided by 83?
80
Calculate the remainder when 91427 is divided by 38.
37
What is the remainder when 78263 is divided by 414?
17
Calculate the remainder when 7582 is divided by 1890.
22
What is the remainder when 3025 is divided by 542?
315
Calculate the remainder when 134516 is divided by 5173.
18
Calculate the remainder when 7730 is divided by 816.
386
What is the remainder when 2050 is divided by 330?
70
What is the remainder when 9539 is divided by 53?
52
What is the remainder when 11770 is divided by 55?
0
Calculate the remainder when 2149 is divided by 714.
7
What is the remainder when 10940 is divided by 132?
116
Calculate the remainder when 5285 is divided by 5283.
2
What is the remainder when 25114 is divided by 42?
40
Calculate the remainder when 5916 is divided by 27.
3
Calculate the remainder when 4200027 is divided by 121.
117
What is the remainder when 2817 is divided by 1402?
13
Calculate the remainder when 5252 is divided by 175.
2
Calculate the remainder when 24165 is divided by 43.
42
Calculate the remainder when 5049 is divided by 54.
27
What is the remainder when 246043 is divided by 950?
943
What is the remainder when 20811 is divided by 76?
63
What is the remainder when 3224 is divided by 473?
386
What is the remainder when 12627 is divided by 1045?
87
What is the remainder when 37106 is divided by 279?
278
What is the remainder when 748 is divided by 245?
13
What is the remainder when 847228 is divided by 15?
13
Calculate the remainder when 9174 is divided by 1379.
900
Calculate the remainder when 25146 is divided by 627.
66
What is the remainder when 308 is divided by 69?
32
Calculate the remainder when 17954 is divided by 5984.
2
What is the remainder when 25693 is divided by 394?
83
Calculate the remainder when 578987 is divided by 162.
161
What is the remainder when 6673 is divided by 6668?
5
Calculate the remainder when 17506 is divided by 292.
278
What is the remainder when 18151 is divided by 18124?
27
What is the remainder when 117015 is divided by 3250?
15
Calculate the remainder when 2231032 is divided by 78.
76
What is the remainder when 234166 is divided by 567?
562
What is the remainder when 9743 is divided by 157?
9
Calculate the remainder when 27878 is divided by 312.
110
Calculate the remainder when 5056 is divided by 1085.
716
Calculate the remainder when 1444 is divided by 203.
23
What is the remainder when 23043 is divided by 11513?
17
What is the remainder when 263473 is divided by 45?
43
What is the remainder when 1146 is divided by 559?
28
Calculate the remainder when 373856 is divided by 35.
21
Calculate the remainder when 70031 is divided by 59.
57
Calculate the remainder when 87935 is divided by 332.
287
What is the remainder when 2926 is divided by 73?
6
Calculate the remainder when 529 is divided by 148.
85
Calculate the remainder when 13958 is divided by 177.
152
Calculate the remainder when 7094 is divided by 43.
42
What is the remainder when 32665 is divided by 918?
535
Calculate the remainder when 3711 is divided by 396.
147
Calculate the remainder when 328241 is divided by 202.
193
Calculate the remainder when 7891 is divided by 2326.
913
Calculate the remainder when 78536 is divided by 244.
212
Calculate the remainder when 25128 is divided by 119.
19
Calculate the remainder when 17053 is divided by 1705.
3
What is the remainder when 88641 is divided by 1136?
33
Calculate the remainder when 4846 is divided by 550.
446
Calculate the remainder when 26329 is divided by 57.
52
Calculate the remainder when 11439 is divided by 668.
83
Calculate the remainder when 68642 is divided by 34292.
58
Calculate the remainder when 615381 is divided by 18.
15
What is the remainder when 48958 is divided by 9786?
28
What is the remainder when 1001 is divided by 138?
35
What is the remainder when 389607 is divided by 54?
51
Calculate the remainder when 13033 is divided by 133.
132
What is the remainder when 1413 is divided by 234?
9
Calculate the remainder when 6175 is divided by 363.
4
What is the remainder when 358735 is divided by 457?
447
Calculate the remainder when 914 is divided by 517.
397
Calculate the remainder when 101427 is divided by 78.
27
What is the remainder when 503 is divided by 364?
139
What is the remainder when 117853 is divided by 928?
925
What is the remainder when 2317 is divided by 327?
28
Calculate the remainder when 1389 is divided by 141.
120
Calculate the remainder when 3945 is divided by 761.
140
What is the remainder when 842852 is divided by 286?
10
What is the remainder when 26855 is divided by 59?
10
Calculate the remainder when 100017 is divided by 585.
567
Calculate the remainder when 465 is divided by 19.
9
What is the remainder when 4282 is divided by 36?
34
Calculate the remainder when 793 is divided by 293.
207
Calculate the remainder when 37046 is divided by 18497.
52
Calculate the remainder when 62097 is divided by 332.
13
What is the remainder when 5959 is divided by 639?
208
Calculate the remainder when 5643 is divided by 353.
348
Calculate the remainder when 126690 is divided by 568.
26
What is the remainder when 21180 is divided by 1030?
580
What is the remainder when 85524 is divided by 734?
380
What is the remainder when 217556 is divided by 28?
24
What is the remainder when 490 is divided by 133?
91
What is the remainder when 425 is divided by 103?
13
Calculate the remainder when 55266 is divided by 88.
2
Calculate the remainder when 27509 is divided by 222.
203
What is the remainder when 3248 is divided by 2?
0
What is the remainder when 11421 is divided by 1630?
11
Calculate the remainder when 2184 is divided by 1996.
188
Calculate the remainder when 11898 is divided by 591.
78
Calculate the remainder when 910 is divided by 844.
66
Calculate the remainder when 5426 is divided by 2708.
10
What is the remainder when 146369 is divided by 590?
49
What is the remainder when 3817101 is divided by 24?
21
Calculate the remainder when 12485 is divided by 24.
5
What